{"id":710,"date":"2017-08-04T02:43:46","date_gmt":"2017-08-04T02:43:46","guid":{"rendered":"http:\/\/productionsolo.com\/services\/?post_type=product&#038;p=710"},"modified":"2026-02-15T03:47:22","modified_gmt":"2026-02-15T03:47:22","slug":"mariage-soiree-de-dj","status":"publish","type":"product","link":"https:\/\/productionsolo.com\/services\/produit\/mariage-soiree-de-dj\/","title":{"rendered":"Mariage &#8211; Soir\u00e9e de DJ"},"content":{"rendered":"<p><strong>Organisation professionnelle et organis\u00e9e<\/strong><\/p>\n<ul>\n<li>musique lors de la c\u00e9r\u00e9monie (int\u00e9rieur ou ext\u00e9rieur)<\/li>\n<li>musique live avec disque jockey en soir\u00e9e<\/li>\n<li>animation<\/li>\n<li>pr\u00e9sentation des mari\u00e9s et de la table d\u2019honneur<\/li>\n<li>jeux pour les nouveaux mari\u00e9s et les invit\u00e9s<\/li>\n<li>danses traditionnelles (nouveaux mari\u00e9s, p\u00e8re-fille, m\u00e8re-fils, table d\u2019honneur)<\/li>\n<li>lancer de la jarreti\u00e8re et du bouquet<\/li>\n<li>\u00e9clairage personnalis\u00e9 pour salle de r\u00e9ception<\/li>\n<li>service de diaporama disponible<\/li>\n<li>syst\u00e8me de son personnalis\u00e9 selon l\u2019\u00e9v\u00e9nement<\/li>\n<\/ul>\n","protected":false},"excerpt":{"rendered":"<p>Organisation professionnelle et organis\u00e9e musique lors de la c\u00e9r\u00e9monie (int\u00e9rieur ou ext\u00e9rieur) musique live avec disque jockey en soir\u00e9e animation pr\u00e9sentation des mari\u00e9s et de la table d\u2019honneur jeux pour les nouveaux mari\u00e9s et les invit\u00e9s danses traditionnelles (nouveaux mari\u00e9s, p\u00e8re-fille, m\u00e8re-fils, table d\u2019honneur) lancer de la jarreti\u00e8re et du bouquet \u00e9clairage personnalis\u00e9 pour salle [&hellip;]<\/p>\n","protected":false},"featured_media":136,"comment_status":"open","ping_status":"closed","template":"","meta":{"_et_pb_use_builder":"","_et_pb_old_content":"","_et_gb_content_width":""},"product_cat":[17],"product_tag":[],"class_list":["post-710","product","type-product","status-publish","has-post-thumbnail","hentry","product_cat-produits"],"yoast_head":"<!-- This site is optimized with the Yoast SEO plugin v24.3 - https:\/\/yoast.com\/wordpress\/plugins\/seo\/ -->\n<title>Mariage - Soir\u00e9e de DJ - Production Solo<\/title>\n<meta name=\"robots\" content=\"index, follow, max-snippet:-1, max-image-preview:large, max-video-preview:-1\" \/>\n<link rel=\"canonical\" href=\"https:\/\/productionsolo.com\/services\/produit\/mariage-soiree-de-dj\/\" \/>\n<meta property=\"og:locale\" content=\"fr_CA\" \/>\n<meta property=\"og:type\" content=\"article\" \/>\n<meta property=\"og:title\" content=\"Mariage - Soir\u00e9e de DJ - Production Solo\" \/>\n<meta property=\"og:description\" content=\"Organisation professionnelle et organis\u00e9e musique lors de la c\u00e9r\u00e9monie (int\u00e9rieur ou ext\u00e9rieur) musique live avec disque jockey en soir\u00e9e animation pr\u00e9sentation des mari\u00e9s et de la table d\u2019honneur jeux pour les nouveaux mari\u00e9s et les invit\u00e9s danses traditionnelles (nouveaux mari\u00e9s, p\u00e8re-fille, m\u00e8re-fils, table d\u2019honneur) lancer de la jarreti\u00e8re et du bouquet \u00e9clairage personnalis\u00e9 pour salle [&hellip;]\" \/>\n<meta property=\"og:url\" content=\"https:\/\/productionsolo.com\/services\/produit\/mariage-soiree-de-dj\/\" \/>\n<meta property=\"og:site_name\" content=\"Production Solo\" \/>\n<meta property=\"article:modified_time\" content=\"2026-02-15T03:47:22+00:00\" \/>\n<meta property=\"og:image\" content=\"https:\/\/productionsolo.com\/services\/wp-content\/uploads\/2013\/10\/evenements.jpg\" \/>\n\t<meta property=\"og:image:width\" content=\"517\" \/>\n\t<meta property=\"og:image:height\" content=\"517\" \/>\n\t<meta property=\"og:image:type\" content=\"image\/jpeg\" \/>\n<meta name=\"twitter:card\" content=\"summary_large_image\" \/>\n<script type=\"application\/ld+json\" class=\"yoast-schema-graph\">{\"@context\":\"https:\/\/schema.org\",\"@graph\":[{\"@type\":\"WebPage\",\"@id\":\"https:\/\/productionsolo.com\/services\/produit\/mariage-soiree-de-dj\/\",\"url\":\"https:\/\/productionsolo.com\/services\/produit\/mariage-soiree-de-dj\/\",\"name\":\"Mariage - Soir\u00e9e de DJ - Production Solo\",\"isPartOf\":{\"@id\":\"https:\/\/productionsolo.com\/services\/#website\"},\"primaryImageOfPage\":{\"@id\":\"https:\/\/productionsolo.com\/services\/produit\/mariage-soiree-de-dj\/#primaryimage\"},\"image\":{\"@id\":\"https:\/\/productionsolo.com\/services\/produit\/mariage-soiree-de-dj\/#primaryimage\"},\"thumbnailUrl\":\"https:\/\/productionsolo.com\/services\/wp-content\/uploads\/2013\/10\/evenements.jpg\",\"datePublished\":\"2017-08-04T02:43:46+00:00\",\"dateModified\":\"2026-02-15T03:47:22+00:00\",\"breadcrumb\":{\"@id\":\"https:\/\/productionsolo.com\/services\/produit\/mariage-soiree-de-dj\/#breadcrumb\"},\"inLanguage\":\"fr-CA\",\"potentialAction\":[{\"@type\":\"ReadAction\",\"target\":[\"https:\/\/productionsolo.com\/services\/produit\/mariage-soiree-de-dj\/\"]}]},{\"@type\":\"ImageObject\",\"inLanguage\":\"fr-CA\",\"@id\":\"https:\/\/productionsolo.com\/services\/produit\/mariage-soiree-de-dj\/#primaryimage\",\"url\":\"https:\/\/productionsolo.com\/services\/wp-content\/uploads\/2013\/10\/evenements.jpg\",\"contentUrl\":\"https:\/\/productionsolo.com\/services\/wp-content\/uploads\/2013\/10\/evenements.jpg\",\"width\":517,\"height\":517},{\"@type\":\"BreadcrumbList\",\"@id\":\"https:\/\/productionsolo.com\/services\/produit\/mariage-soiree-de-dj\/#breadcrumb\",\"itemListElement\":[{\"@type\":\"ListItem\",\"position\":1,\"name\":\"Home\",\"item\":\"https:\/\/productionsolo.com\/services\/\"},{\"@type\":\"ListItem\",\"position\":2,\"name\":\"Shop\",\"item\":\"https:\/\/productionsolo.com\/services\/shop\/\"},{\"@type\":\"ListItem\",\"position\":3,\"name\":\"Mariage &#8211; Soir\u00e9e de DJ\"}]},{\"@type\":\"WebSite\",\"@id\":\"https:\/\/productionsolo.com\/services\/#website\",\"url\":\"https:\/\/productionsolo.com\/services\/\",\"name\":\"Production Solo\",\"description\":\"Sp\u00e9cialiste audio et vid\u00e9o\",\"potentialAction\":[{\"@type\":\"SearchAction\",\"target\":{\"@type\":\"EntryPoint\",\"urlTemplate\":\"https:\/\/productionsolo.com\/services\/?s={search_term_string}\"},\"query-input\":{\"@type\":\"PropertyValueSpecification\",\"valueRequired\":true,\"valueName\":\"search_term_string\"}}],\"inLanguage\":\"fr-CA\"}]}<\/script>\n<!-- \/ Yoast SEO plugin. -->","yoast_head_json":{"title":"Mariage - Soir\u00e9e de DJ - Production Solo","robots":{"index":"index","follow":"follow","max-snippet":"max-snippet:-1","max-image-preview":"max-image-preview:large","max-video-preview":"max-video-preview:-1"},"canonical":"https:\/\/productionsolo.com\/services\/produit\/mariage-soiree-de-dj\/","og_locale":"fr_CA","og_type":"article","og_title":"Mariage - Soir\u00e9e de DJ - Production Solo","og_description":"Organisation professionnelle et organis\u00e9e musique lors de la c\u00e9r\u00e9monie (int\u00e9rieur ou ext\u00e9rieur) musique live avec disque jockey en soir\u00e9e animation pr\u00e9sentation des mari\u00e9s et de la table d\u2019honneur jeux pour les nouveaux mari\u00e9s et les invit\u00e9s danses traditionnelles (nouveaux mari\u00e9s, p\u00e8re-fille, m\u00e8re-fils, table d\u2019honneur) lancer de la jarreti\u00e8re et du bouquet \u00e9clairage personnalis\u00e9 pour salle [&hellip;]","og_url":"https:\/\/productionsolo.com\/services\/produit\/mariage-soiree-de-dj\/","og_site_name":"Production Solo","article_modified_time":"2026-02-15T03:47:22+00:00","og_image":[{"width":517,"height":517,"url":"https:\/\/productionsolo.com\/services\/wp-content\/uploads\/2013\/10\/evenements.jpg","type":"image\/jpeg"}],"twitter_card":"summary_large_image","schema":{"@context":"https:\/\/schema.org","@graph":[{"@type":"WebPage","@id":"https:\/\/productionsolo.com\/services\/produit\/mariage-soiree-de-dj\/","url":"https:\/\/productionsolo.com\/services\/produit\/mariage-soiree-de-dj\/","name":"Mariage - Soir\u00e9e de DJ - Production Solo","isPartOf":{"@id":"https:\/\/productionsolo.com\/services\/#website"},"primaryImageOfPage":{"@id":"https:\/\/productionsolo.com\/services\/produit\/mariage-soiree-de-dj\/#primaryimage"},"image":{"@id":"https:\/\/productionsolo.com\/services\/produit\/mariage-soiree-de-dj\/#primaryimage"},"thumbnailUrl":"https:\/\/productionsolo.com\/services\/wp-content\/uploads\/2013\/10\/evenements.jpg","datePublished":"2017-08-04T02:43:46+00:00","dateModified":"2026-02-15T03:47:22+00:00","breadcrumb":{"@id":"https:\/\/productionsolo.com\/services\/produit\/mariage-soiree-de-dj\/#breadcrumb"},"inLanguage":"fr-CA","potentialAction":[{"@type":"ReadAction","target":["https:\/\/productionsolo.com\/services\/produit\/mariage-soiree-de-dj\/"]}]},{"@type":"ImageObject","inLanguage":"fr-CA","@id":"https:\/\/productionsolo.com\/services\/produit\/mariage-soiree-de-dj\/#primaryimage","url":"https:\/\/productionsolo.com\/services\/wp-content\/uploads\/2013\/10\/evenements.jpg","contentUrl":"https:\/\/productionsolo.com\/services\/wp-content\/uploads\/2013\/10\/evenements.jpg","width":517,"height":517},{"@type":"BreadcrumbList","@id":"https:\/\/productionsolo.com\/services\/produit\/mariage-soiree-de-dj\/#breadcrumb","itemListElement":[{"@type":"ListItem","position":1,"name":"Home","item":"https:\/\/productionsolo.com\/services\/"},{"@type":"ListItem","position":2,"name":"Shop","item":"https:\/\/productionsolo.com\/services\/shop\/"},{"@type":"ListItem","position":3,"name":"Mariage &#8211; Soir\u00e9e de DJ"}]},{"@type":"WebSite","@id":"https:\/\/productionsolo.com\/services\/#website","url":"https:\/\/productionsolo.com\/services\/","name":"Production Solo","description":"Sp\u00e9cialiste audio et vid\u00e9o","potentialAction":[{"@type":"SearchAction","target":{"@type":"EntryPoint","urlTemplate":"https:\/\/productionsolo.com\/services\/?s={search_term_string}"},"query-input":{"@type":"PropertyValueSpecification","valueRequired":true,"valueName":"search_term_string"}}],"inLanguage":"fr-CA"}]}},"_links":{"self":[{"href":"https:\/\/productionsolo.com\/services\/wp-json\/wp\/v2\/product\/710","targetHints":{"allow":["GET"]}}],"collection":[{"href":"https:\/\/productionsolo.com\/services\/wp-json\/wp\/v2\/product"}],"about":[{"href":"https:\/\/productionsolo.com\/services\/wp-json\/wp\/v2\/types\/product"}],"replies":[{"embeddable":true,"href":"https:\/\/productionsolo.com\/services\/wp-json\/wp\/v2\/comments?post=710"}],"wp:featuredmedia":[{"embeddable":true,"href":"https:\/\/productionsolo.com\/services\/wp-json\/wp\/v2\/media\/136"}],"wp:attachment":[{"href":"https:\/\/productionsolo.com\/services\/wp-json\/wp\/v2\/media?parent=710"}],"wp:term":[{"taxonomy":"product_cat","embeddable":true,"href":"https:\/\/productionsolo.com\/services\/wp-json\/wp\/v2\/product_cat?post=710"},{"taxonomy":"product_tag","embeddable":true,"href":"https:\/\/productionsolo.com\/services\/wp-json\/wp\/v2\/product_tag?post=710"}],"curies":[{"name":"wp","href":"https:\/\/api.w.org\/{rel}","templated":true}]}}