{"id":480,"date":"2015-02-12T17:18:48","date_gmt":"2015-02-12T17:18:48","guid":{"rendered":"http:\/\/productionsolo.com\/services\/?page_id=480"},"modified":"2017-08-18T21:08:00","modified_gmt":"2017-08-18T21:08:00","slug":"videos","status":"publish","type":"page","link":"https:\/\/productionsolo.com\/services\/videos\/","title":{"rendered":"Vid\u00e9os"},"content":{"rendered":"<h3><span style=\"color: #720601;\">par Mathieu Labr\u00e8che<\/span><\/h3>\n<p>&nbsp;<\/p>\n<p><iframe loading=\"lazy\" src=\"http:\/\/www.youtube.com\/embed\/5Ho1u7uvTuA\" width=\"425\" height=\"350\" frameborder=\"0\"><\/iframe>\u00a0\u00a0\u00a0\u00a0\u00a0\u00a0\u00a0\u00a0\u00a0\u00a0\u00a0\u00a0\u00a0 <iframe loading=\"lazy\" src=\"http:\/\/www.youtube.com\/embed\/_H7JyR6Ub8M\" width=\"425\" height=\"350\" frameborder=\"0\"><\/iframe><br \/>\n<iframe loading=\"lazy\" src=\"http:\/\/www.youtube.com\/embed\/UqGN3n_fiXo\" width=\"425\" height=\"350\" frameborder=\"0\"><\/iframe>\u00a0\u00a0\u00a0\u00a0\u00a0\u00a0\u00a0\u00a0\u00a0 \u00a0\u00a0\u00a0 <iframe loading=\"lazy\" src=\"http:\/\/www.youtube.com\/embed\/Cw6MW9X1lhA\" width=\"425\" height=\"350\" frameborder=\"0\"><\/iframe><br \/>\n<iframe loading=\"lazy\" src=\"http:\/\/www.youtube.com\/embed\/oY4ot_dhIyc\" width=\"425\" height=\"350\" frameborder=\"0\"><\/iframe>\u00a0\u00a0\u00a0\u00a0\u00a0\u00a0\u00a0\u00a0\u00a0\u00a0\u00a0\u00a0\u00a0 <iframe loading=\"lazy\" src=\"http:\/\/www.youtube.com\/embed\/Lou1EusG8Ys\" width=\"425\" height=\"350\" frameborder=\"0\"><\/iframe><br \/>\n<iframe loading=\"lazy\" src=\"http:\/\/www.youtube.com\/embed\/NmQT99spiww\" width=\"425\" height=\"350\" frameborder=\"0\"><\/iframe>\u00a0\u00a0\u00a0\u00a0\u00a0\u00a0\u00a0\u00a0\u00a0\u00a0\u00a0\u00a0\u00a0 <iframe loading=\"lazy\" src=\"http:\/\/www.youtube.com\/embed\/Og4frjW7JHk\" width=\"425\" height=\"350\" frameborder=\"0\"><\/iframe><br \/>\n<iframe loading=\"lazy\" src=\"http:\/\/www.youtube.com\/embed\/EjgKHJBLrZw\" width=\"425\" height=\"350\" frameborder=\"0\"><\/iframe>\u00a0\u00a0\u00a0\u00a0\u00a0\u00a0\u00a0\u00a0 \u00a0\u00a0\u00a0\u00a0 <iframe loading=\"lazy\" src=\"http:\/\/www.youtube.com\/embed\/vAwOEpf4rRE\" width=\"425\" height=\"350\" frameborder=\"0\"><\/iframe><br \/>\nDesign du site par <a href=\"http:\/\/fadoul.ca\/\">Fadoul.ca<\/a><\/p>\n","protected":false},"excerpt":{"rendered":"<p>par Mathieu Labr\u00e8che &nbsp; \u00a0\u00a0\u00a0\u00a0\u00a0\u00a0\u00a0\u00a0\u00a0\u00a0\u00a0\u00a0\u00a0 \u00a0\u00a0\u00a0\u00a0\u00a0\u00a0\u00a0\u00a0\u00a0 \u00a0\u00a0\u00a0 \u00a0\u00a0\u00a0\u00a0\u00a0\u00a0\u00a0\u00a0\u00a0\u00a0\u00a0\u00a0\u00a0 \u00a0\u00a0\u00a0\u00a0\u00a0\u00a0\u00a0\u00a0\u00a0\u00a0\u00a0\u00a0\u00a0 \u00a0\u00a0\u00a0\u00a0\u00a0\u00a0\u00a0\u00a0 \u00a0\u00a0\u00a0\u00a0 Design du site par Fadoul.ca<\/p>\n","protected":false},"author":1,"featured_media":141,"parent":0,"menu_order":0,"comment_status":"open","ping_status":"closed","template":"","meta":{"_et_pb_use_builder":"","_et_pb_old_content":"","_et_gb_content_width":"","footnotes":""},"class_list":["post-480","page","type-page","status-publish","has-post-thumbnail","hentry"],"yoast_head":"<!-- This site is optimized with the Yoast SEO plugin v24.3 - https:\/\/yoast.com\/wordpress\/plugins\/seo\/ -->\n<title>Cours de DJ par Production Solo - Individuels, groupes et \u00e9coles.<\/title>\n<meta name=\"description\" content=\"Cours de DJ - PRODUCTION SOLO INC - Magasin de musique sp\u00e9cialis\u00e9 en audio &amp; video et dj . Cours de dj individuels, de groupes et pour \u00e9coles.\" \/>\n<meta name=\"robots\" content=\"index, follow, max-snippet:-1, max-image-preview:large, max-video-preview:-1\" \/>\n<link rel=\"canonical\" href=\"https:\/\/productionsolo.com\/services\/videos\/\" \/>\n<meta property=\"og:locale\" content=\"fr_CA\" \/>\n<meta property=\"og:type\" content=\"article\" \/>\n<meta property=\"og:title\" content=\"Cours de DJ par Production Solo - Individuels, groupes et \u00e9coles.\" \/>\n<meta property=\"og:description\" content=\"Cours de DJ - PRODUCTION SOLO INC - Magasin de musique sp\u00e9cialis\u00e9 en audio &amp; video et dj . Cours de dj individuels, de groupes et pour \u00e9coles.\" \/>\n<meta property=\"og:url\" content=\"https:\/\/productionsolo.com\/services\/videos\/\" \/>\n<meta property=\"og:site_name\" content=\"Production Solo\" \/>\n<meta property=\"article:modified_time\" content=\"2017-08-18T21:08:00+00:00\" \/>\n<meta property=\"og:image\" content=\"https:\/\/productionsolo.com\/services\/wp-content\/uploads\/2013\/10\/cours.jpg\" \/>\n\t<meta property=\"og:image:width\" content=\"1920\" \/>\n\t<meta property=\"og:image:height\" content=\"1080\" \/>\n\t<meta property=\"og:image:type\" content=\"image\/jpeg\" \/>\n<meta name=\"twitter:card\" content=\"summary_large_image\" \/>\n<script type=\"application\/ld+json\" class=\"yoast-schema-graph\">{\"@context\":\"https:\/\/schema.org\",\"@graph\":[{\"@type\":\"WebPage\",\"@id\":\"https:\/\/productionsolo.com\/services\/videos\/\",\"url\":\"https:\/\/productionsolo.com\/services\/videos\/\",\"name\":\"Cours de DJ par Production Solo - Individuels, groupes et \u00e9coles.\",\"isPartOf\":{\"@id\":\"https:\/\/productionsolo.com\/services\/#website\"},\"primaryImageOfPage\":{\"@id\":\"https:\/\/productionsolo.com\/services\/videos\/#primaryimage\"},\"image\":{\"@id\":\"https:\/\/productionsolo.com\/services\/videos\/#primaryimage\"},\"thumbnailUrl\":\"https:\/\/productionsolo.com\/services\/wp-content\/uploads\/2013\/10\/cours.jpg\",\"datePublished\":\"2015-02-12T17:18:48+00:00\",\"dateModified\":\"2017-08-18T21:08:00+00:00\",\"description\":\"Cours de DJ - PRODUCTION SOLO INC - Magasin de musique sp\u00e9cialis\u00e9 en audio & video et dj . Cours de dj individuels, de groupes et pour \u00e9coles.\",\"breadcrumb\":{\"@id\":\"https:\/\/productionsolo.com\/services\/videos\/#breadcrumb\"},\"inLanguage\":\"fr-CA\",\"potentialAction\":[{\"@type\":\"ReadAction\",\"target\":[\"https:\/\/productionsolo.com\/services\/videos\/\"]}]},{\"@type\":\"ImageObject\",\"inLanguage\":\"fr-CA\",\"@id\":\"https:\/\/productionsolo.com\/services\/videos\/#primaryimage\",\"url\":\"https:\/\/productionsolo.com\/services\/wp-content\/uploads\/2013\/10\/cours.jpg\",\"contentUrl\":\"https:\/\/productionsolo.com\/services\/wp-content\/uploads\/2013\/10\/cours.jpg\",\"width\":1920,\"height\":1080},{\"@type\":\"BreadcrumbList\",\"@id\":\"https:\/\/productionsolo.com\/services\/videos\/#breadcrumb\",\"itemListElement\":[{\"@type\":\"ListItem\",\"position\":1,\"name\":\"Home\",\"item\":\"https:\/\/productionsolo.com\/services\/\"},{\"@type\":\"ListItem\",\"position\":2,\"name\":\"Vid\u00e9os\"}]},{\"@type\":\"WebSite\",\"@id\":\"https:\/\/productionsolo.com\/services\/#website\",\"url\":\"https:\/\/productionsolo.com\/services\/\",\"name\":\"Production Solo\",\"description\":\"Sp\u00e9cialiste audio et vid\u00e9o\",\"potentialAction\":[{\"@type\":\"SearchAction\",\"target\":{\"@type\":\"EntryPoint\",\"urlTemplate\":\"https:\/\/productionsolo.com\/services\/?s={search_term_string}\"},\"query-input\":{\"@type\":\"PropertyValueSpecification\",\"valueRequired\":true,\"valueName\":\"search_term_string\"}}],\"inLanguage\":\"fr-CA\"}]}<\/script>\n<!-- \/ Yoast SEO plugin. -->","yoast_head_json":{"title":"Cours de DJ par Production Solo - Individuels, groupes et \u00e9coles.","description":"Cours de DJ - PRODUCTION SOLO INC - Magasin de musique sp\u00e9cialis\u00e9 en audio & video et dj . Cours de dj individuels, de groupes et pour \u00e9coles.","robots":{"index":"index","follow":"follow","max-snippet":"max-snippet:-1","max-image-preview":"max-image-preview:large","max-video-preview":"max-video-preview:-1"},"canonical":"https:\/\/productionsolo.com\/services\/videos\/","og_locale":"fr_CA","og_type":"article","og_title":"Cours de DJ par Production Solo - Individuels, groupes et \u00e9coles.","og_description":"Cours de DJ - PRODUCTION SOLO INC - Magasin de musique sp\u00e9cialis\u00e9 en audio & video et dj . Cours de dj individuels, de groupes et pour \u00e9coles.","og_url":"https:\/\/productionsolo.com\/services\/videos\/","og_site_name":"Production Solo","article_modified_time":"2017-08-18T21:08:00+00:00","og_image":[{"width":1920,"height":1080,"url":"https:\/\/productionsolo.com\/services\/wp-content\/uploads\/2013\/10\/cours.jpg","type":"image\/jpeg"}],"twitter_card":"summary_large_image","schema":{"@context":"https:\/\/schema.org","@graph":[{"@type":"WebPage","@id":"https:\/\/productionsolo.com\/services\/videos\/","url":"https:\/\/productionsolo.com\/services\/videos\/","name":"Cours de DJ par Production Solo - Individuels, groupes et \u00e9coles.","isPartOf":{"@id":"https:\/\/productionsolo.com\/services\/#website"},"primaryImageOfPage":{"@id":"https:\/\/productionsolo.com\/services\/videos\/#primaryimage"},"image":{"@id":"https:\/\/productionsolo.com\/services\/videos\/#primaryimage"},"thumbnailUrl":"https:\/\/productionsolo.com\/services\/wp-content\/uploads\/2013\/10\/cours.jpg","datePublished":"2015-02-12T17:18:48+00:00","dateModified":"2017-08-18T21:08:00+00:00","description":"Cours de DJ - PRODUCTION SOLO INC - Magasin de musique sp\u00e9cialis\u00e9 en audio & video et dj . Cours de dj individuels, de groupes et pour \u00e9coles.","breadcrumb":{"@id":"https:\/\/productionsolo.com\/services\/videos\/#breadcrumb"},"inLanguage":"fr-CA","potentialAction":[{"@type":"ReadAction","target":["https:\/\/productionsolo.com\/services\/videos\/"]}]},{"@type":"ImageObject","inLanguage":"fr-CA","@id":"https:\/\/productionsolo.com\/services\/videos\/#primaryimage","url":"https:\/\/productionsolo.com\/services\/wp-content\/uploads\/2013\/10\/cours.jpg","contentUrl":"https:\/\/productionsolo.com\/services\/wp-content\/uploads\/2013\/10\/cours.jpg","width":1920,"height":1080},{"@type":"BreadcrumbList","@id":"https:\/\/productionsolo.com\/services\/videos\/#breadcrumb","itemListElement":[{"@type":"ListItem","position":1,"name":"Home","item":"https:\/\/productionsolo.com\/services\/"},{"@type":"ListItem","position":2,"name":"Vid\u00e9os"}]},{"@type":"WebSite","@id":"https:\/\/productionsolo.com\/services\/#website","url":"https:\/\/productionsolo.com\/services\/","name":"Production Solo","description":"Sp\u00e9cialiste audio et vid\u00e9o","potentialAction":[{"@type":"SearchAction","target":{"@type":"EntryPoint","urlTemplate":"https:\/\/productionsolo.com\/services\/?s={search_term_string}"},"query-input":{"@type":"PropertyValueSpecification","valueRequired":true,"valueName":"search_term_string"}}],"inLanguage":"fr-CA"}]}},"_links":{"self":[{"href":"https:\/\/productionsolo.com\/services\/wp-json\/wp\/v2\/pages\/480","targetHints":{"allow":["GET"]}}],"collection":[{"href":"https:\/\/productionsolo.com\/services\/wp-json\/wp\/v2\/pages"}],"about":[{"href":"https:\/\/productionsolo.com\/services\/wp-json\/wp\/v2\/types\/page"}],"author":[{"embeddable":true,"href":"https:\/\/productionsolo.com\/services\/wp-json\/wp\/v2\/users\/1"}],"replies":[{"embeddable":true,"href":"https:\/\/productionsolo.com\/services\/wp-json\/wp\/v2\/comments?post=480"}],"version-history":[{"count":2,"href":"https:\/\/productionsolo.com\/services\/wp-json\/wp\/v2\/pages\/480\/revisions"}],"predecessor-version":[{"id":679,"href":"https:\/\/productionsolo.com\/services\/wp-json\/wp\/v2\/pages\/480\/revisions\/679"}],"wp:featuredmedia":[{"embeddable":true,"href":"https:\/\/productionsolo.com\/services\/wp-json\/wp\/v2\/media\/141"}],"wp:attachment":[{"href":"https:\/\/productionsolo.com\/services\/wp-json\/wp\/v2\/media?parent=480"}],"curies":[{"name":"wp","href":"https:\/\/api.w.org\/{rel}","templated":true}]}}